s 40 - 1233201?
-1233111
In base 10, what is 1608095 - 3?
1608092
In base 4, what is 233121021 + -1?
233121020
In base 5, what is 12433103 + -3?
12433100
In base 16, what is c01b + -2?
c019
In base 4, what is 1032031 - -100?
1032131
In base 2, what is 100010 - 1110011100?
-1101111010
In base 9, what is 24128 + -11?
24117
In base 11, what is 2637 - 234?
2403
In base 8, what is -1704312 + 2?
-1704310
In base 15, what is -87b - -7?
-874
In base 4, what is -113013311 - 3?
-113013320
In base 5, what is -1023 + -342132?
-343210
In base 4, what is -2222302 + 131?
-2222111
In base 15, what is -105 - -1?
-104
In base 16, what is 900 - 131?
7cf
In base 9, what is 515 - -408?
1024
In base 15, what is 5 - -1392d?
13933
In base 6, what is -5450215 + -5?
-5450224
In base 14, what is -db0 - -48?
-d66
In base 14, what is -30b7 + c?
-30a9
In base 16, what is 19515f + -3?
19515c
In base 16, what is 2b9f + 18?
2bb7
In base 10, what is -50 - 781?
-831
In base 16, what is 0 + -1908?
-1908
In base 7, what is 160353 - 21?
160332
In base 3, what is -20 + 222010?
221220
In base 4, what is 101 - -2301011?
2301112
In base 2, what is 10000000010 + 110010?
10000110100
In base 12, what is 96b1 + -2?
96ab
In base 13, what is 4 - 746a5?
-746a1
In base 5, what is 1314002242 + -1?
1314002241
In base 8, what is 2 - -401223?
401225
In base 10, what is -69 + -458?
-527
In base 9, what is -604 - 5324?
-6028
In base 6, what is 20123 - -322?
20445
In base 10, what is 10210 - 2?
10208
In base 8, what is -34 + 10137?
10103
In base 7, what is -512213 + 2?
-512211
In base 15, what is -6a57 - -e?
-6a48
In base 8, what is -31466 + -11?
-31477
In base 15, what is 76b0c + 4?
76b11
In base 12, what is -122a9 + -5?
-122b2
In base 6, what is 1 + 1403151?
1403152
In base 3, what is -22 + -10011?
-10110
In base 5, what is -10400 + -20001?
-30401
In base 5, what is -1402013 - 24?
-1402042
In base 10, what is -11 + -13973?
-13984
In base 4, what is 1031333112 - -20?
1031333132
In base 12, what is 0 - 4536?
-4536
In base 3, what is -10121 + -102110?
-120001
In base 3, what is 1022 + 211012122?
211020221
In base 4, what is -121 - -102133?
102012
In base 9, what is -14 - 6570?
-6584
In base 2, what is 0 - 10011101111?
-10011101111
In base 7, what is -3542 + 1203?
-2336
In base 9, what is 3 + 184851?
184854
In base 6, what is -5242511 - -2?
-5242505
In base 11, what is 2002 - -9?
2010
In base 15, what is 7ae + -19?
795
In base 15, what is -4 + -17e31?
-17e35
In base 4, what is 132120 + 20?
132200
In base 14, what is -7158 - -6?
-7152
In base 11, what is 18a50 - 22?
18a29
In base 8, what is -102 - -1761?
1657
In base 14, what is -277 - -497?
220
In base 14, what is 28 + 88aa?
88d4
In base 8, what is -27 - -4732?
4703
In base 7, what is 20124 + 110?
20234
In base 14, what is -a609 - b?
-a616
In base 12, what is 73 + -22b7?
-2244
In base 11, what is 405 - -19a?
5a4
In base 2, what is 1111 + 111110101101010110?
111110101101100101
In base 10, what is -828 - -535?
-293
In base 13, what is 290 - 3b?
252
In base 16, what is c7b3 - 8?
c7ab
In base 8, what is 137435 - 1?
137434
In base 13, what is 18 + 2611?
2629
In base 3, what is -10201002 - -12010?
-10111222
In base 6, what is 1014 - 30?
544
In base 3, what is -12 - 100202101?
-100202120
In base 11, what is 7a228 + -3?
7a225
In base 10, what is 3204 - 53?
3151
In base 12, what is -a56 - -64?
-9b2
In base 6, what is 4 + 12023523?
12023531
In base 8, what is -264 - 53461?
-53745
In base 11, what is 14029a0 - 4?
1402997
In base 3, what is -10022200001 + -21?
-10022200022
In base 5, what is -112 + -1004?
-1121
In base 11, what is -38 + 90?
53
In base 3, what is -12 + -1101111022120?
-1101111022202
In base 13, what is 25b7 - -3?
25ba
In base 8, what is 4 + 34764?
34770
In base 15, what is 38 + 24ea?
2533
In base 10, what is 186572 + 4?
186576
In base 7, what is 3 + -52412?
-52406
In base 7, what is -5 - 14416?
-14424
In base 16, what is -9619 + 2?
-9617
In base 5, what is -1312031331 + 10?
-1312031321
In base 4, what is -103213 + -11323?
-121202
In base 8, what is -25443 + 15?
-25426
In base 5, what is 302 + -2333?
-2031
In base 16, what is -4f - -8a?
3b
In base 11, what is 2 - 16375?
-16373
In base 11, what is 42 + -2066?
-2024
In base 2, what is -101 - 11110101110110001?
-11110101110110110
In base 10, what is -68589 + -2?
-68591
In base 13, what is -37c + 1?
-37b
In base 15, what is 32a - -1b2?
4dc
In base 3, what is -112012 - -200020?
11001
In base 13, what is -1c54 - 8?
-1c5c
In base 8, what is 1022 - -20?
1042
In base 4, what is -1010303 - -11?
-1010232
In base 5, what is -22 - 440041?
-440113
In base 15, what is -17 + -37c2?
-37d9
In base 15, what is -6c + -797?
-814
In base 12, what is -21 + 972?
951
In base 3, what is 10 + 2211222012?
2211222022
In base 2, what is -11010 + -1111110100?
-10000001110
In base 5, what is 214224 - 30?
214144
In base 10, what is -895847 - -2?
-895845
In base 11, what is 3 + 96aa?
9702
In base 5, what is 114 + -13322?
-13203
In base 9, what is 75748 - 3?
75745
In base 11, what is -20706 - 0?
-20706
In base 12, what is -276b6 + -4?
-276ba
In base 6, what is 2122 - 13?
2105
In base 2, what is -1100100110 - -10100101?
-1010000001
In base 16, what is -2 - 2bdc?
-2bde
In base 3, what is -2 + -10112202102?
-10112202111
In base 15, what is -3b - 2d554?
-2d590
In base 2, what is -1000110110101010110 - 1001?
-1000110110101011111
In base 14, what is 484a1 + -2?
4849d
In base 10, what is 6 + -26931?
-26925
In base 8, what is -442261 - -3?
-442256
In base 3, what is 20 + -2110121?
-2110101
In base 6, what is -20 + -220325?
-220345
In base 7, what is 206 - 12540?
-12331
In base 8, what is 2121716 + -2?
2121714
In base 14, what is -7c + -382?
-420
In base 9, what is 5 - 66241?
-66235
In base 9, what is 387 - 1341?
-843
In base 13, what is 39 - 2670?
-2634
In base 13, what is -2b9ac + 4?
-2b9a8
In base 8, what is -1176 + -3235?
-4433
In base 10, what is 4 - -16524?
16528
In base 15, what is -2 + -eba7?
-eba9
In base 12, what is 5 - -5710?
5715
In base 8, what is -1 - -114500?
114477
In base 11, what is -152 - 1a9?
-350
In base 2, what is 10101010001110011 - 0?
10101010001110011
In base 4, what is 3323030121 + 2?
3323030123
In base 15, what is -5 + -4a415?
-4a41a
In base 3, what is 12 + -1112112210?
-1112112121
In base 13, what is -b + 346a?
345c
In base 10, what is -6 - 23472?
-23478
In base 3, what is 101102 + -1210111?
-1102002
In base 15, what is 48 + -31?
17
In base 8, what is -257 + -753?
-1232
In base 8, what is 7044 + -43?
7001
In base 12, what is 228 - 157?
91
In base 11, what is -683 + a5?
-589
In base 3, what is -2 + -1220101200?
-1220101202
In base 5, what is -13 - -302213?
302200
In base 13, what is -2 + b554?
b552
In base 2, what is 1100010011 - 110?
1100001101
In base 13, what is -1a + 17b18?
17acb
In base 15, what is -20d - -18b?
-72
In base 2, what is 11001 - -10100010011?
10100101100
In base 6, what is 410155 + 3?
410202
In base 16, what is -3e4 + -51?
-435
In base 4, what is 313 + 23000003?
23000322
In base 4, what is 0 + 300303303?
300303303
In base 2, what is -10000001100101 - 10000011?
-10000011101000
In base 5, what is 1331204 + 2?
1331211
In base 10, what is 81972 + 3?
81975
In base 16, what is 25f - fd5?
-d76
In base 10, what is 285 - -2?
287
In base 6, what is 1 - -401022?
401023
In base 11, what is 9 - -33152?
33160
In base 9, what is 32070 + -5?
32064
In base 16, what is -18 + -165?
-17d
In base 6, what is 524 - 132?
352
In base 11, what is -186248 - 5?
-186252
In base 12, what is -16861 + 18?
-16845
In base 13, what is -8679 + -6?
-8682
In base 4, what is -100111 - -1230?
-32221
In base 9, what is 1581 - 310?
1271
In base 11, what is 24 + 2912?
2936
In base 7, what is 5625 + -64?
5531
In base 10, what is -45634 + 2?
-45632
In base 15, what is 19aac0 + -2?
19aabd
In base 15, what is 12436 - 2?
12434
In base 5, what is 3301 - -13314?
22120
In base 9, what is 2134122 + 0?
2134122
In base 16, what is a36 - -15?
a4b
In base 9, what is 311 - 172?
128
In base 13, what is -1042 - -10?
-1032
In base 11, what is 118 + 21?
139
In base 13, what is 24 + aa2?
ac6
In base 10, what is -3 - 10538?
-10541
In base 13, what is -21 + -4451?
-4472
In base 14, what is 1541d9 - 2?
1541d7
In base 10, what is -114 - 19?
-133
In base 12,